 + 635. What is r(9)?
914
Let r(s) = -22*s**2 - 5205*s - 67583. Give r(-13).
-3636
Let i(f) = 4*f**2 - 2066*f + 6155. What is i(3)?
-7
Let c(y) = -2361*y + 389572. Give c(165).
7
Let a(n) = 3*n**3 - 8*n**2 + 55*n + 45. What is a(11)?
3675
Let t(q) = 27474*q + 1346283. Determine t(-49).
57
Let n(i) = -2*i**2 + 8104*i - 80842. What is n(10)?
-2
Let y(v) = 44918*v - 853277. What is y(19)?
165
Let n(k) = -98*k**2 + 11961*k - 625. Give n(122).
-15
Let o(r) = -43440*r + 129858. What is o(3)?
-462
Let b(p) = p**3 + 344*p**2 + 15903*p + 1988. Calculate b(-289).
-324
Let u(b) = b**2 + 98544*b - 295637. Determine u(3).
4
Let p(b) = 477973*b + 2867811. Calculate p(-6).
-27
Let y(w) = 2084*w + 4852. Calculate y(-5).
-5568
Let l(u) = -u**3 + 106*u**2 + 1238*u - 534. Determine l(-11).
5
Let p(x) = -x**3 + 66*x**2 - 3*x - 586. Determine p(66).
-784
Let v(y) = -319*y**2 - 115*y + 122. What is v(2)?
-1384
Let v(g) = 707*g - 20131. Determine v(29).
372
Let o(a) = 4739*a + 28427. What is o(-6)?
-7
Let z(q) = 202348*q + 3439918. What is z(-17)?
2
Let v(d) = 4*d**2 + 3836*d + 3835. Calculate v(-1).
3
Let c(r) = r**3 + 33*r**2 + 5466*r + 161279. Calculate c(-30).
-1
Let j(m) = -5*m**2 - 171*m - 1008. What is j(-23)?
280
Let u(h) = -h**2 + 1280*h - 217737. Give u(202).
19
Let a(f) = -1235*f + 20620. What is a(17)?
-375
Let f(u) = -2049*u - 84861. Determine f(-41).
-852
Let o(f) = -342*f + 79348. Give o(232).
4
Let s(o) = o**3 + 139*o**2 - 175*o + 15458. Determine s(-141).
371
Let k(x) = x**3 - 162*x**2 - 2447*x + 203. Give k(-14).
-35
Let h(m) = -2486*m - 1019257. Calculate h(-410).
3
Let i(h) = -740*h - 2796. Give i(-4).
164
Let d(z) = 7503*z - 26925. What is d(4)?
3087
Let u(w) = -71*w**2 + 566*w + 497. Calculate u(9).
-160
Let l(z) = -z**2 - 3400*z - 13582. Give l(-4).
2
Let n(b) = -b**2 - 80*b + 14538. Calculate n(87).
9
Let o(n) = -329*n - 5666. Calculate o(-18).
256
Let g(r) = r**3 + 17*r**2 + 89*r + 5220. Determine g(-23).
-1
Let u(y) = 3*y**3 + 212*y**2 + 1108*y - 351. Calculate u(-6).
-15
Let s(o) = -822*o + 2425. Calculate s(3).
-41
Let y(g) = 5*g**2 + 522*g + 7380. What is y(-17)?
-49
Let u(a) = 42435*a**2 + 339460*a - 148. What is u(-8)?
12
Let m(u) = -2*u**3 - 294*u**2 - 4851*u + 256. Determine m(-19).
9
Let q(j) = 4*j**3 - 740*j**2 - 9447*j - 1788. Give q(197).
-15
Let x(a) = 66*a**2 - 227*a - 1938. Calculate x(-8).
4102
Let s(u) = -30906*u - 3306918. Calculate s(-107).
24
Let y(j) = -20878*j + 396694. What is y(19)?
12
Let i(p) = -7396*p - 8438848. Give i(-1141).
-12
Let u(j) = -17950*j + 71591. Determine u(4).
-209
Let d(p) = 8*p**3 - 274*p**2 + 27*p + 1442. Determine d(34).
48
Let r(u) = u**3 - 267*u**2 - 1040*u + 4. Give r(-4).
-172
Let m(w) = w**3 - 109*w**2 + 1731*w - 3892. What is m(16)?
-4
Let f(l) = l**2 + 1793*l - 14401. Calculate f(8).
7
Let y(x) = 1311*x + 34414. Calculate y(-26).
328
Let u(b) = -5356*b + 26784. What is u(5)?
4
Let f(r) = -6393*r - 415434. Give f(-65).
111
Let m(b) = 49*b**2 + 114*b - 6032. Give m(10).
8
Let o(n) = -2*n**3 + 393*n**2 - 878*n - 18011. Give o(194).
-163
Let f(l) = 141*l**3 + 2*l**2 + 2449*l + 4901. Give f(-2).
-1117
Let o(k) = 87*k**3 + 57*k**2 + 74*k + 68. Determine o(-1).
-36
Let o(q) = 5313*q - 170043. Determine o(32).
-27
Let v(u) = u**3 + 48*u**2 - 107*u + 786. What is v(-51)?
-1560
Let k(t) = -183138*t + 2197659. Give k(12).
3
Let b(y) = -29559*y + 88389. Determine b(3).
-288
Let u(f) = -166304*f - 7483685. Determine u(-45).
-5
Let o(u) = -u**3 + 23*u**2 + 105*u - 3334. Give o(20).
-34
Let k(p) = 36583*p - 622262. Give k(17).
-351
Let k(q) = 18*q**2 + 3723*q - 11166. What is k(3)?
165
Let o(q) = -90804*q - 544830. Calculate o(-6).
-6
Let u(n) = 1381*n - 6900. Give u(5).
5
Let h(c) = -891*c + 7737. Calculate h(10).
-1173
Let r(c) = -22051*c - 2734336. Determine r(-124).
-12
Let v(t) = -t**3 - 193*t**2 - 2189*t + 7228. Give v(-15).
13
Let t(d) = 13*d**2 + 258*d + 1171. Determine t(-7).
2
Let z(p) = p**3 - 173*p**2 - 99*p + 75413. What is z(171)?
2
Let i(p) = -p**3 + 67*p**2 + 617*p - 796. Calculate i(75).
479
Let y(b) = -58*b**2 - 839*b + 903. Give y(-14).
1281
Let x(h) = -9722*h - 398601. What is x(-41)?
1
Let f(y) = 4*y**2 + 1979*y + 115729. Give f(-427).
12
Let o(a) = -208*a**2 - a - 13. Give o(0).
-13
Let t(d) = -72*d**2 + 947*d + 4169. Give t(-4).
-771
Let v(p) = -2*p - 1270. Calculate v(61).
-1392
Let t(j) = -48*j**2 + 4732*j + 44. Give t(99).
-1936
Let v(n) = n**3 + 64*n**2 + 82*n - 553. What is v(-63)?
-1750
Let a(m) = 12201*m - 36523. What is a(3)?
80
Let y(d) = -20*d**3 - 159*d**2 + 15*d + 3. Calculate y(-8).
-53
Let j(b) = 1324*b + 107206. Calculate j(-81).
-38
Let d(h) = 39862*h - 9128377. Determine d(229).
21
Let w(k) = 6*k**3 + 1108*k**2 + 6050*k - 6453. What is w(-179)?
-9
Let q(l) = 759*l**2 - 44020*l - 148. Determine q(58).
-32
Let a(n) = -50*n**2 - 845*n - 3325. Calculate a(-7).
140
Let b(f) = 1668*f + 1743. Calculate b(-4).
-4929
Let p(h) = -94*h + 1900. Give p(26).
-544
Let m(w) = w**2 - 437801*w - 3502457. What is m(-8)?
15
Let c(p) = -34*p**2 + 766*p - 400. Give c(22).
-4
Let u(q) = -q**3 - 105*q**2 - 35500*q - 3774233. What is u(-106)?
3
Let r(k) = -5222*k - 715244. What is r(-137)?
170
Let w(z) = -62*z**2 + 646*z + 544. What is w(12)?
-632
Let m(w) = 624*w + 10651. Determine m(-17).
43
Let l(q) = -2*q**3 - 121*q**2 - 902*q - 10. Calculate l(-8).
486
Let f(y) = -267*y**2 - 2915*y + 241. What is f(-11)?
-1
Let r(o) = -2765*o + 6317. Calculate r(2).
787
Let y(w) = 2*w**3 + 53*w**2 + 659*w + 9225. Determine y(-21).
237
Let k(d) = 1921*d + 704974. Determine k(-367).
-33
Let f(i) = 4*i**3 + 563*i**2 - 147*i + 198. What is f(-141)?
1044
Let i(x) = -x**2 - 1033*x + 11280. Give i(11).
-204
Let n(l) = -19296*l + 1196356. Give n(62).
4
Let z(q) = q**3 - 2*q**2 - 53*q + 220. What is z(4)?
40
Let t(k) = -62*k - 2279. Determine t(-30).
-419
Let a(c) = -9470*c + 767070. Calculate a(81).
0
Let v(f) = -13*f**3 + 6*f**2 + 25*f + 71. Determine v(-4).
899
Let x(g) = 64128*g - 320651. Calculate x(5).
-11
Let w(y) = -2*y**2 - 11663*y + 58363. Calculate w(5).
-2
Let o(p) = 4*p**2 + 157*p + 1440. Give o(-29).
251
Let a(i) = -55*i**2 - 5625*i + 22514. Determine a(4).
-866
Let i(q) = 29772*q - 774074. Calculate i(26).
-2
Let p(c) = c**3 - 34*c**2 + 127*c - 44. Give p(30).
166
Let m(j) = j**3 - 35*j**2 - 1343*j - 166. What is m(-23)?
41
Let v(z) = -215446*z - 1723557. What is v(-8)?
11
Let s(m) = -3*m**2 - 607*m + 41262. Determine s(-256).
46
Let w(y) = 10*y**2 + 143*y + 327. Determine w(-3).
-12
Let k(w) = -w**3 - 136*w**2 + 7924*w + 50. Determine k(-180).
-670
Let v(m) = -38581*m - 231207. Determine v(-6).
279
Let o(p) = -p**3 + 20*p**2 + 27*p - 801. What is o(22)?
-1175
Let z(t) = -36*t**3 - 18*t**2 - 48*t - 23. What is z(-2)?
289
Let f(k) = k**3 + 18*k**2 + 440*k + 9732. Give f(-20).
132
Let a(r) = -275*r + 3812. Calculate a(14).
-38
Let q(x) = 7*x**2 + 357*x + 3143. Calculate q(-11).
63
Let s(h) = -556*h + 69455. What is s(123)?
1067
Let t(f) = -911*f**3 + 24599*f**2 - 51*f - 75. Determine t(27).
6
Let n(h) = -2*h**2 + 212*h + 13254. Calculate n(-48).
-1530
Let f(i) = -2*i**3 + 14*i**2 - 1856*i + 14970. What is f(8)?
-6
Let k(s) = -787*s - 6411. What is k(-8)?
-115
Let g(y) = -167868*y + 6714776. Calculate g(40).
56
Let t(l) = 1016083*l + 23369900. Determine t(-23).
-9
Let q(p) = p**3 - 47*p**2 + 525*p + 282. What is q(22)?
-268
Let z(m) = -1850*m + 153516. What is z(83)?
-34
Let y(k) = -1506*k + 402093. Determine y(267).
-9
Let k(v) = -5*v**3 - 18*v**2 - 11*v + 15. Give k(-2).
5
Let j(y) = -11832*y - 840082. Give j(-71).
-10
Let h(l) = -16*l**3 - 89*l**2 + 378*l + 2014. Calculate h(-6).
-2
Let h(y) = -y**2 - 152*y - 1012. What is h(-144)?
140
Let c(z) = 20046*z + 1202787. Calculate c(-60).
27
Let i(j) = j**2 + 83*j + 281. Determine i(-92).
1109
Let t(r) = 47*r**3 - 21*r**2 + 48*r - 49. What is t(1)?
25
Let m(c) = -66*c**3 + 9525*c**2 - 3020*c - 571. Calculate m(144).
5
Let n(f) = -f**2 + 147*f - 4366. Give n(94).
616
Let w(x) = -4650*x + 41864. Determine w(9).
14
Let u(b) = -370*b**2 + 35894*b - 364. Calculate u(97).
24
Let n(p) = -351*p - 11056. Calculate n(-33).
527
Let n(f) = -22*f**2 - 475*f - 398. Determine n(-21).
-125
Let d(s) = s**3 + 168*s**2 + 1425*s - 1027. Give d(-159).
-73
Let m(k) = 